ultiple of 14?
False
Is 19 a factor of 12174?
False
Does 8 divide 1082?
False
Does 89 divide 331?
False
Does 58 divide 53940?
True
Is 52 a factor of 18668?
True
Is 212 a multiple of 6?
False
Is 825 a multiple of 75?
True
Is 2 a factor of 23522?
True
Is 12960 a multiple of 9?
True
Is 3 a factor of 8176?
False
Is 6885 a multiple of 3?
True
Is 7239 a multiple of 170?
False
Does 61 divide 19276?
True
Is 39 a factor of 16686?
False
Does 6 divide 20838?
True
Does 3 divide 107?
False
Is 612 a multiple of 51?
True
Is 10589 a multiple of 22?
False
Does 20 divide 154?
False
Does 14 divide 1078?
True
Is 6272 a multiple of 128?
True
Does 3 divide 1174?
False
Is 67 a factor of 11671?
False
Does 5 divide 1145?
True
Is 14946 a multiple of 53?
True
Does 85 divide 124377?
False
Is 37 a factor of 35467?
False
Is 1776 a multiple of 48?
True
Does 116 divide 17712?
False
Is 55 a factor of 1815?
True
Does 34 divide 40070?
False
Does 45 divide 8569?
False
Does 30 divide 504?
False
Is 48 a factor of 18720?
True
Is 23 a factor of 1073?
False
Is 5904 a multiple of 18?
True
Does 14 divide 1190?
True
Is 109340 a multiple of 154?
True
Is 944 a multiple of 20?
False
Does 16 divide 40176?
True
Does 21 divide 3115?
False
Is 5481 a multiple of 166?
False
Does 6 divide 86752?
False
Is 65 a factor of 38870?
True
Does 147 divide 2499?
True
Is 122694 a multiple of 338?
True
Does 35 divide 1725?
False
Does 23 divide 575?
True
Is 35056 a multiple of 37?
False
Is 7809 a multiple of 18?
False
Is 287 a multiple of 19?
False
Is 1533 a multiple of 21?
True
Is 445 a multiple of 89?
True
Is 523 a multiple of 6?
False
Is 25018 a multiple of 13?
False
Is 168 a factor of 53862?
False
Does 12 divide 39576?
True
Does 14 divide 514?
False
Is 23 a factor of 2047?
True
Is 5713 a multiple of 59?
False
Is 38 a factor of 26939?
False
Is 136 a multiple of 31?
False
Is 500 a multiple of 20?
True
Does 32 divide 8000?
True
Is 5698 a multiple of 37?
True
Does 9 divide 846?
True
Is 131968 a multiple of 16?
True
Does 33 divide 82557?
False
Does 12 divide 5628?
True
Is 14441 a multiple of 10?
False
Is 2817 a multiple of 59?
False
Does 4 divide 238?
False
Does 48 divide 2443?
False
Is 9 a factor of 221?
False
Is 12 a factor of 694?
False
Does 35 divide 2869?
False
Is 1708 a multiple of 25?
False
Is 1496 a multiple of 10?
False
Does 7 divide 15011?
False
Is 688 a multiple of 16?
True
Is 38 a factor of 493?
False
Does 42 divide 10222?
False
Does 16 divide 13979?
False
Is 2220 a multiple of 5?
True
Is 38 a factor of 2846?
False
Is 752 a multiple of 47?
True
Is 606 a multiple of 6?
True
Is 47880 a multiple of 8?
True
Is 57337 a multiple of 12?
False
Is 1235 a multiple of 97?
False
Is 458 a multiple of 4?
False
Does 59 divide 4071?
True
Does 66 divide 101751?
False
Does 116 divide 41876?
True
Is 30 a factor of 14383?
False
Does 12 divide 6720?
True
Does 17 divide 87958?
True
Does 13 divide 24340?
False
Is 8127 a multiple of 43?
True
Is 187 a multiple of 11?
True
Is 1087 a multiple of 93?
False
Is 18 a factor of 432?
True
Is 12 a factor of 36887?
False
Does 8 divide 5760?
True
Is 5 a factor of 120?
True
Is 3108 a multiple of 84?
True
Does 45 divide 3368?
False
Is 14924 a multiple of 13?
True
Does 7 divide 224?
True
Is 1190 a multiple of 14?
True
Is 27 a factor of 4617?
True
Does 116 divide 38421?
False
Is 37 a factor of 333?
True
Is 559 a multiple of 43?
True
Does 4 divide 1358?
False
Does 6 divide 713?
False
Is 360 a multiple of 3?
True
Is 991 a multiple of 70?
False
Is 121 a factor of 16698?
True
Does 10 divide 260?
True
Is 495 a multiple of 33?
True
Is 1965 a multiple of 81?
False
Is 24 a factor of 1075?
False
Is 51382 a multiple of 23?
True
Does 2 divide 69?
False
Is 18 a factor of 68832?
True
Is 165 a multiple of 2?
False
Is 22 a factor of 22?
True
Is 16 a factor of 20335?
False
Does 4 divide 9404?
True
Is 42 a factor of 49602?
True
Is 1791 a multiple of 24?
False
Is 1874 a multiple of 8?
False
Is 276 a multiple of 4?
True
Is 1323 a multiple of 7?
True
Is 36 a factor of 942?
False
Does 21 divide 37675?
False
Does 10 divide 800?
True
Is 5 a factor of 4684?
False
Is 19 a factor of 505?
False
Does 24 divide 1106?
False
Is 39 a factor of 118326?
True
Is 50123 a multiple of 12?
False
Does 3 divide 201?
True
Does 12 divide 576?
True
Is 13 a factor of 494?
True
Is 7540 a multiple of 2?
True
Is 23462 a multiple of 140?
False
Is 22290 a multiple of 110?
False
Is 49 a factor of 7105?
True
Does 15 divide 2565?
True
Is 4351 a multiple of 17?
False
Is 14749 a multiple of 14?
False
Does 18 divide 13896?
True
Does 33 divide 1265?
False
Is 13 a factor of 3308?
False
Is 40 a factor of 2076?
False
Is 8262 a multiple of 9?
True
Does 26 divide 1113?
False
Does 11 divide 52245?
False
Is 240 a multiple of 6?
True
Is 15810 a multiple of 62?
True
Is 191 a multiple of 3?
False
Is 7896 a multiple of 24?
True
Is 77 a multiple of 7?
True
Is 283 a multiple of 4?
False
Does 23 divide 11661?
True
Is 13 a factor of 8924?
False
Is 90 a factor of 2131?
False
Is 6000 a multiple of 80?
True
Does 73 divide 15364?
False
Is 25 a factor of 4895?
False
Is 72 a factor of 1152?
True
Does 74 divide 1547?
False
Is 9 a factor of 28359?
True
Is 4811 a multiple of 49?
False
Is 40964 a multiple of 196?
True
Is 4953 a multiple of 39?
True
Is 5 a factor of 196?
False
Is 424 a factor of 150588?
False
Is 99 a factor of 25146?
True
Is 36 a multiple of 3?
True
Is 38 a factor of 1634?
True
Is 10 a factor of 490?
True
Does 5 divide 930?
True
Is 45634 a multiple of 12?
False
Is 8 a factor of 1024?
True
Is 35482 a multiple of 31?
False
Does 26 divide 446?
False
Does 107 divide 3424?
True
Does 98 divide 232?
False
Is 35 a factor of 1599?
False
Does 31 divide 2480?
True
Is 4 a factor of 7318?
False
Is 32 a factor of 1280?
True
Is 197 a factor of 5331?
False
Is 22 a factor of 1430?
True
Does 16 divide 1464?
False
Is 1104 a multiple of 8?
True
Does 61 divide 668?
False
Is 31 a factor of 3131?
True
Does 17 divide 29125?
False
Is 1568 a multiple of 49?
True
Is 4305 a multiple of 5?
True
Is 10 a factor of 587?
False
Is 6270 a multiple of 209?
True
Does 24 divide 687?
False
Does 3 divide 1126?
False
Is 1014 a multiple of 78?
True
Is 16280 a multiple of 40?
True
Is 30 a factor of 2621?
False
Does 32 divide 8835?
False
Is 2160 a multiple of 6?
True
Is 13639 a multiple of 23?
True
Does 20 divide 880?
True
Is 496 a multiple of 8?
True
Is 328 a multiple of 27?
False
Does 91 divide 53547?
False
Does 25 divide 2650?
True
Is 118 a multiple of 39?
False
Is 107 a factor of 34347?
True
Is 186 a multiple of 4?
False
Is 205 a factor of 48380?
True
Is 56864 a multiple of 5?
False
Is 10879 a multiple of 43?
True
Is 4720 a multiple of 40?
True
Is 11808 a multiple of 164?
True
Does 22 divide 968?
True
Is 16 a factor of 199?
False
Does 125 divide 35369?
False
Is 16 a factor of 741?
False
Is 3 a factor of 3531?
True
Is 503 a multiple of 2?
False
Is 219 a factor of 15892?
False
Does 128 divide 128?
True
Is 42952 a multiple of 118?
True
Does 50 divide 23650?
True
Does 4 divide 352?
True
Is 8 a factor of 1312?
True
Is 3854 a multiple of 47?
True
Is 1939 a multiple of 64?
False
Is 1922 a multiple of 23?
False
Is 490 a multiple of 25?
False
Is 95 a factor of 65633?
False
Is 3549 a multiple of 58?
False
Is 63 a factor of 17451?
True
Is 152616 a multiple of 22?
False
Is 366 a multiple of 20?
False
Is 443 a multiple of 8?
False
Does 57 divide 926?
False
Is 3 a factor of 166?
False
Does 59 divide 1581?
False
Is 2295 a multiple of 51?
True
Is 334 even?
True
Does 6 divide 2400?
True
Does 370 divide 16137?
False
Is 15383 a multiple of 12?
False
Is 148 a multiple of 9?
False
Does 2 divide 825?
False
Is 5 a factor of 176?
False
Is 5 a multiple of 5?
True
Is 3136 a multiple of 28?
True
Is 45 a factor of 1035?
True
Does 22 divide 946?
True
Is 49764 a multiple of 39?
True
Does 14 divide 9429?
False
Does 7 divide 1622?
False
Is 7 a factor of 3045?
True
Is 71 a factor of 3976?
True
Is 506 a multiple of 4?
False
Is 365 a multiple of 175?
False
Is 5367 a multiple of 80?
False
Is 420 a multiple of 4?
True
Is 10 a factor of 1991?
False
Is 2301 a multiple of 68?
False
Does 21 divide 1197?
True
Is 107 a multiple of 3?
False
Does 37 divide 999?
True
Is 279 a multiple of 8?
False
Is 717 a multiple of 5?
False
Is 12